).
3
Let s = 10 - 10. Suppose 4 = z - n, s*z = 3*z - n - 10. Let c(o) = 7 - 3*o - 3*o + z*o + 4*o. Calculate c(-4).
3
Let u(r) = 2*r - 5. Let v(s) = -15*s + 34. Let x(j) = 5*j - 11. Let n(z) = -3*v(z) - 8*x(z). Let y(p) = -6*n(p) + 17*u(p). Determine y(-3).
-13
Let j(s) be the third derivative of -s**5/60 - s**4/12 + s**3/2 + 2*s**2 - 29*s. Suppose 2*v + 5 - 13 = 0. Let l = -8 + v. Determine j(l).
-5
Suppose m = 6*m. Let u(y) = -y**3 - y - 10. What is u(m)?
-10
Let y(o) = -7318 - o + 7318. Give y(1).
-1
Suppose 0 = 9*b - 8*b - 42. Suppose b = 8*y - y. Let c(t) = 2*t + 1. Give c(y).
13
Let x(i) = i**3 + 5*i**2 - 3*i - 11. Let z be x(-5). Let s = z - 2. Let l(j) = 4*j**2 + 2*j**2 + 8 + 9*j - s*j**2 - 3*j**2. Determine l(-7).
-6
Let r(i) be the third derivative of i**5/4 - i**4/8 + 2*i**3/3 + 276*i**2. Give r(2).
58
Let v(a) be the third derivative of 1/12*a**4 - 2*a**2 + 0*a - 1/2*a**3 + 0. Suppose j + 4*h + 1 = -1, -3*j + 4 = 2*h. Determine v(j).
1
Let r(k) = k**3 + 7*k**2 + 7*k + 3. Let n be (-2)/(-11) - 476/77. Let o = 36 + n. Suppose -3*u + 2*u + 4*t - 6 = 0, -3*t = 5*u + o. Determine r(u).
-3
Let t(v) be the first derivative of -v**3/3 + 7*v**2/2 - v - 2. Let i be 225/21 + (-12)/(-42). Suppose 10*n - i*n = -5. Give t(n).
9
Let k(o) = 2*o**3 + o**2 + 2*o. Let f(g) = -16*g**3 - 5*g**2 - 12*g - 1. Let d(z) = f(z) + 6*k(z). Calculate d(-1).
4
Let b(z) = 4*z**3 - 4*z**3 - z**3 + 3 + 2*z**2 - 6*z**2. Give b(-4).
3
Let s(o) = 7*o. Let r(f) = 22*f - 3. Let u(z) = -2*r(z) + 7*s(z). Determine u(3).
21
Let p = 0 + 0. Suppose 110*u = 113*u. Let o(w) = 2*w**3 - w**3 + 19*w**2 + u*w**3 - 20*w**2 - 2. Determine o(p).
-2
Let t(d) be the second derivative of d**5/20 + 5*d**4/12 - d**3/6 + 2*d**2 + 257*d. What is t(-5)?
9
Let f(l) be the third derivative of l**6/20 - l**5/20 - l**4/24 + l**3/3 - 6*l**2 - 9. Give f(2).
36
Let u(q) be the first derivative of -q**3 - 6*q - 12. Let s(f) be the first derivative of u(f). Give s(1).
-6
Let v be -25 + 25 - 0/1. Let h(g) = -g**2 + g + 14. Give h(v).
14
Let b(j) be the second derivative of -j**3 - j**2 - 19*j. Let n be b(-1). Let v(s) = s**3 - 6*s**2 + 7*s - 5. Determine v(n).
-9
Let p(a) = -2*a**3 + 3*a**2 - 3*a + 2. Let n(i) = -i**3 + i + 1. Let h(d) = -4*d**3 + 2*d**2 + 6*d + 7. Let x(w) = h(w) - 5*n(w). Let l be x(0). Determine p(l).
-8
Suppose 0 = -3*d - 2*d + 25. Suppose 0 = 5*l - c - 15, -2*c - 2 = l - d. Suppose -2*y - 15 = l*y. Let v(g) = g - 2. Give v(y).
-5
Let o(x) = x**3 - 3*x**2 + x + 1. Let l = -7 - -22. Let r be 1 - (-5)/(l/(-36)). Let z = r + 13. What is o(z)?
-1
Suppose 10*g - 16 = 2*g. Let m(o) = -10 + 4*o**2 + o**3 - o**2 - g*o + 7. What is m(-3)?
3
Let h(a) = 2*a**3 + a**2 - a + 1. Suppose -5*w + 9*w = 5*o + 6, -2*o + 4*w = 0. Give h(o).
-9
Let a(o) = -3*o**3 - 3*o**2. Let c(q) = -q**2 - 37*q + 256. Let h be c(6). Determine a(h).
12
Let o(x) = -x + 2. Let a(l) = -2*l**3 + 13*l**2 + 2*l - 17. Let m(k) = -k**3 + 6*k**2 + k - 8. Let u(n) = 6*a(n) - 13*m(n). Let c be u(1). Give o(c).
0
Suppose 2*z = 2, -w + 2*z = 3*z + 50. Let p = -44 - w. Let j(r) = r - 6. Calculate j(p).
1
Suppose -2*x + 5*w + 9 = -0*x, 2*w + 4 = x. Suppose -4*p + 18 = x. Let s(g) = -22*g + 24*g + 1 - p. What is s(6)?
9
Suppose -8*g - 2*g - 200 = 0. Let j = -28 - g. Let q(v) = v**2 + 9*v - 6. What is q(j)?
-14
Let x(s) = 6*s - 3. Let l be x(1). Let t(u) = u**3 - 3*u**2 - u - 7. Let k(j) = 3*j**3 - 9*j**2 - 3*j - 20. Let w(n) = 3*k(n) - 8*t(n). Give w(l).
-7
Let j(y) be the second derivative of 7*y**3/6 + 2*y + 14. Calculate j(-6).
-42
Let b(d) = d - 5. Let j = -158 - -152. Give b(j).
-11
Let c(o) = -o**3 - 2*o**2 + 3*o + 1. Let p = 89 - 74. Suppose -2*d + d - 18 = 5*q, -5*q - p = 0. Determine c(d).
1
Let p(u) = 14*u - 1. Suppose -k = -3*k - 2. Give p(k).
-15
Let i(f) = f**2 + 0*f**2 + 5*f + 116 + 117 - 236. Calculate i(-6).
3
Let k(f) = f**2 - 36*f - 2 + 21*f + 16*f. Let o be k(-2). Let b(n) = n**2 + n - 7. Determine b(o).
-7
Let z(j) = j**3 + 7*j**2 - 2*j - 10. Let i(g) = g**3 + 6*g**2 - 1. Let n be i(-6). Let t be -1 + (2 - n) + -9. Calculate z(t).
4
Let w be 1/(-2)*(-20)/20. Let z(o) be the second derivative of -8*o + 1/2*o**2 + w*o**3 - 1/12*o**4 + 0. Determine z(6).
-17
Let a(p) = p**3 + p**2 - p - 2. Let x be -2 + (13 - (-4 + 3)). Let z = -10 + x. Suppose b = -0 - z. Calculate a(b).
-4
Let s = 12 + -25. Let f(q) = -q**2 - 6*q**2 + 12*q + 13*q**2 - 11 - 5*q**2. Let w be f(s). Let n(d) = -d**2 - d - 2. What is n(w)?
-8
Suppose r - 54 = -0*r + 4*m, 0 = -3*r - 4*m + 114. Let f = r + -37. Let s(l) = -l**2 + 4*l + 4. Determine s(f).
-1
Let v be (5 - (-58)/(-10))/((-2)/(-5)). Let w(x) = -489*x + 489*x + 1 - x**2. Calculate w(v).
-3
Let d(m) = -5*m**2 - 7*m + 3. Let a(v) = 14*v**2 + 21*v - 8. Let n(o) = 3*a(o) + 8*d(o). Let j be n(-4). Let f(y) = 2*y. Determine f(j).
8
Let p(k) be the second derivative of -k**4/24 + k**3/6 + 12*k**2 + 18*k. Let w(z) be the first derivative of p(z). What is w(6)?
-5
Let m = 42 - 28. Let b = m + 18. Let j be 8/20 + b/(-5). Let f(t) = t**3 + 5*t**2 - 3*t + 8. Give f(j).
-10
Let h = 864 + -870. Let c(g) = -g**2 - 2*g + 2. Calculate c(h).
-22
Suppose 21 = -4*v + 1. Let g(z) be the second derivative of 2*z**2 - z**3 - 14*z - 1/20*z**5 - 7/12*z**4 + 0. Give g(v).
-16
Let u(s) be the first derivative of 13 + 7/2*s**2 - s + 1/3*s**3. What is u(-7)?
-1
Let s be 15 - 16 - (11 + -1). Let g(f) = f**3 + 11*f**2 - f - 3. Give g(s).
8
Let c = -91 + 29. Let s = 61 + c. Let t(u) = u. Determine t(s).
-1
Let o(d) = -d**2 - 7*d + 12. Let h be 9*(-8)/12 + -3. Give o(h).
-6
Let d(q) = q**2 - 8*q + 9. Suppose 5*b - 2*b + z + 51 = 0, 3*b - 2*z + 60 = 0. Let u = b - -24. Determine d(u).
-3
Let h be 6/66 + (-133)/11. Let o(t) = t + 7. Determine o(h).
-5
Let i(m) = -191 - 195 + 770 - 196 + m - 192. Let t be 1/(-3) + 19/3. Give i(t).
2
Let x = -368 - -353. Let o(g) = -g**2 - 13*g + 22. Determine o(x).
-8
Let l = -2 - -5. Let i(g) be the first derivative of 2/3*g**3 - 2*g**2 - 13 + 2*g. What is i(l)?
8
Let l(s) be the second derivative of -s**6/360 - s**5/120 + s**4/24 - 25*s**3/6 + 22*s. Let c(o) be the second derivative of l(o). Give c(-3).
-5
Let x(j) = 23*j**2 - j + 2. Let d(h) = -52*h**2 + 3*h - 5. Let n(l) = -4*d(l) - 9*x(l). What is n(1)?
0
Let f(b) = -9*b**3 - 14*b**2 - 2*b - 7. Let m(h) = 11*h**3 + 16*h**2 + 2*h + 7. Let c(a) = 5*f(a) + 4*m(a). Determine c(-6).
5
Let u(p) = -12*p - 6*p + 4 - 6 + p**2 + 8 + 2. Give u(16).
-24
Let u(l) be the third derivative of l**5/20 - l**4/4 + 13*l**3/6 - 5*l**2. Let q(k) = -4*k**2 + 6*k - 14. Let b(i) = -4*q(i) - 5*u(i). Determine b(-8).
7
Suppose 0 = -5*s - 2*u + 55, 19*u = -4*s + 14*u + 61. Let t(p) = 4*p - 37. Determine t(s).
-1
Let w(i) = -15*i**2 + i - 2. Let s(v) = -30*v**2 + 2*v - 5. Let z(m) = 2*s(m) - 5*w(m). Let j = 9 + -8. Give z(j).
14
Let m(o) = 2*o**2 - 4*o - 5. Let t(k) = -4*k - 9. Let u = -12 + 15. Let w(q) = -5*q - 9. Let s(l) = u*w(l) - 4*t(l). Let c be s(-5). What is m(c)?
11
Let f(x) = 0*x**2 + 2*x**2 - 1 - 7*x**2 + x. Let u(q) = -q**2 + 6*q - 4. Let s be u(5). Give f(s).
-5
Let s(r) = r**2 - 16*r - 16. Let u = 1363 + -1346. What is s(u)?
1
Let w(d) = d**3 + 5*d**2 + 3*d - 7. Let x be w(-3). Let t(r) = -2*r + 4*r**x - 3*r**2 + 0*r + 2. Calculate t(3).
5
Let s(p) = -p**2 + 3*p + 36. Let b be s(0). Suppose -4*j = -0*j + b. Let r(u) = u**2 + 8*u. Determine r(j).
9
Let k(q) be the third derivative of -q**4/24 - q**3 - 182*q**2. Give k(-5).
-1
Let q(r) = r**3 - 14*r**2 + 40*r + 1. Let z(w) = -w**3 + 13*w**2 - 32*w. Let h(s) = -4*q(s) - 5*z(s). Determine h(9).
-4
Let v(f) = 7*f - 104. Let a be v(14). Let l(p) = -p**2 - 5*p + 8. Calculate l(a).
2
Let j(s) be the third derivative of 2*s**2 + 5/6*s**3 - 1/12*s**5 - 1/4*s**4 + 0 + 1/120*s**6 + 0*s. Let p = -91 - -97. Determine j(p).
5
Let v(r) = 8*r + 102. Let t(q) = 3*q**3 + 162*q**2 - 12. Let h be t(-54). What is v(h)?
6
Let t = -19 + 34. Let u be (t/(-4))/((-9)/12). Let b(k) = -k**3 + 4*k**2 + 6*k - 1. Determine b(u).
4
Let i(y) = -24*y. Let m be i(1). Let b be ((-3)/(-6))/((-2)/m). Let h(z) = 5 - z**2 - 12 + b*z + 5 + 3. Give h(6).
1
Suppose -n = 2*l - 19, 3*n - 53 = -4*l - 12. Suppose -5*j = -2 - l. Let w(r) = -r - 1. Give w(j).
-3
Let b(q) = 3*q**3 + 4*q**2 + 5*q - 3. Let n(i) = -2*i**3 + i**2 - 2*i + 2. Let d(g) =